{"version":"1.0","provider_name":"Csendes Percek Istennel","provider_url":"https:\/\/csendespercekistennel.cafeblog.hu","author_name":"Csendes Percek Istennel","author_url":"https:\/\/csendespercekistennel.cafeblog.hu\/author\/csendes_percek_istennel\/","title":"Nehez\u00e9k","html":"<div style=\"text-align: center\"><span style=\"font-size: large\"><b><i>\u201eEz\u00e9rt vessetek el minden romlotts\u00e1got \u00e9s mindenf\u00e9le gonoszs\u00e1got, s fogadj\u00e1tok szel\u00edd k\u00e9szs\u00e9ggel a bel\u00e9tek oltott ig\u00e9t, mely meg tudja menteni lelketeket.\u201d&nbsp;<\/i><\/b><\/span><\/div><div style=\"text-align: justify\"><span style=\"font-size: large\">Jak 1,21<\/span><\/div><span style=\"font-size: large\"><div style=\"text-align: justify\"><br \/><\/div><div style=\"text-align: justify\">Van valami olyan attit\u0171d\u00f6d, viszonyul\u00e1sod, hozz\u00e1\u00e1ll\u00e1sod, ami n\u00e9ha ki tudja sz\u00edvni bel\u0151led az \u00e9letet? Lek\u00f3kad a lelkesed\u00e9sed, elhervad az \u00f6r\u00f6m\u00f6d, elfonnyadsz t\u0151le, mint egy r\u00e9g\u00f3ta nem \u00f6nt\u00f6z\u00f6tt n\u00f6v\u00e9ny.<\/div><div style=\"text-align: justify\">Ez a k\u00e9p jutott eszembe, mikor elgondolkoztam valamin, amit any\u00f3somt\u00f3l tanultam. \u0150 h\u00edres a gy\u00f6ny\u00f6r\u0171 n\u00f6v\u00e9nyeir\u0151l, a vir\u00edt\u00f3 \u00e9vel\u0151\u00e1gy\u00e1s\u00e1r\u00f3l. L\u00e9nyeg\u00e9ben kora tavaszt\u00f3l k\u00e9s\u0151 \u0151szig tele a kertje szebbn\u00e9l szebb vir\u00e1gokkal.<\/div><div style=\"text-align: justify\">Egy alkalommal r\u00e1k\u00e9rdeztem, van-e valami titka a vir\u00e1gok gondoz\u00e1s\u00e1nak. Elmagyar\u00e1zta, hogy a m\u0171velet neve, amivel az \u00e1lland\u00f3 vir\u00e1gz\u00e1st biztos\u00edtja: \u201elefejez\u00e9s\u201d. Ez annyit tesz, hogy amint egy vir\u00e1g fonnyadni kezd, halv\u00e1nyul, hervad, le kell cs\u00edpni a fej\u00e9t.<\/div><div style=\"text-align: justify\">A gyakorlatban kider\u00fclt, hogy ez egy apr\u00f3l\u00e9kos, soha v\u00e9get nem \u00e9r\u0151 munka. Mikor azt hinn\u00e9m, hogy m\u00e1r minden elfonnyadt vir\u00e1got elt\u00e1vol\u00edtottam, m\u00e1snap tucatj\u00e1val jelennek meg az \u00fajak. De azt akarom, hogy a n\u00f6v\u00e9nyeim tov\u00e1bb vir\u00e1gozzanak. Naponta folytatom a lefejez\u00e9st, mert a sz\u00e1rad\u00f3 vir\u00e1gfejek elvonj\u00e1k az \u00e9ltet\u0151 nedveket a n\u00f6v\u00e9ny t\u00f6bbi r\u00e9sz\u00e9t\u0151l. Kisz\u00edvj\u00e1k az energi\u00e1t, amit \u00fajabb vir\u00e1gok kibont\u00e1s\u00e1ra haszn\u00e1lhatna.<\/div><div style=\"text-align: justify\">Ha megszabad\u00edtom a n\u00f6v\u00e9nyt a sz\u00e1rad\u00f3, lek\u00f3kaszt\u00f3 nehez\u00e9kt\u0151l, a r\u00fcgyekb\u0151l k\u00e1pr\u00e1zatos szirmok t\u00f6rnek el\u0151 mindaddig, m\u00edg \u00e9let kering a sz\u00e1rban.<\/div><div style=\"text-align: justify\"><br \/><\/div><div style=\"text-align: justify\">Mik\u00f6zben lecsipkedem az elsz\u00e1radt vir\u00e1gfejeket, Krisztussal val\u00f3 \u00e9letemen gondolkodom. Vannak olyan szegletei a sz\u00edvemnek, olyan gondolatai az elm\u00e9mnek, k\u00edv\u00e1ns\u00e1gai az akaratomnak, amik rossz attit\u0171db\u0151l erednek. \u0150k lelki \u00e9letem nehez\u00e9kei.<\/div><div style=\"text-align: justify\"><br \/><\/div><div style=\"text-align: justify\">Ezek a m\u00e9lyen gy\u00f6kerez\u0151 gondolati s\u00e9m\u00e1k \u00e9s t\u00e1rsaik: a k\u00e9telked\u00e9s, a f\u00e9lelem, a rossz d\u00f6nt\u00e9sek, r\u00e9gi szok\u00e1sok, d\u00e9delgetett neheztel\u00e9sek vagy pillanatnyi konfliktusok \u2013 akad\u00e1lyozz\u00e1k a n\u00f6veked\u00e9st, nem engedik kibontakozni Isten tervezte teljes pomp\u00e1nkat.<\/div><div style=\"text-align: justify\"><br \/><\/div><div style=\"text-align: justify\">Reggel rem\u00e9nykedve \u00e9bred\u00fcnk, de hamar megadjuk magunkat annak, ami b\u00e1nt. K\u00e9telked\u00e9s\u00fcnk \u00f6nmagunkban vagy m\u00e1sok f\u00f6l\u00f6tti \u00edt\u00e9lkez\u00e9s\u00fcnk gyakran olyan negat\u00edv gondolatokb\u00f3l \u00e9s nemk\u00edv\u00e1natos cselekedetekb\u0151l ered, amik nemcsak a mi napunkat teszik t\u00f6nkre, hanem azok\u00e9t is, akik k\u00f6r\u00fcl\u00f6tt\u00fcnk \u00e9lnek. De ha tudatosan lecsipkedj\u00fck ezeket, amint megjelennek, meglep\u0151 n\u00f6veked\u00e9st tapasztalhatunk meg Krisztussal val\u00f3 \u00e9let\u00fcnkben \u00e9s eg\u00e9szs\u00e9ges kiteljesed\u00e9st kapcsolatainkban.<\/div><div style=\"text-align: justify\"><br \/><\/div><div style=\"text-align: justify\">Jakab level\u00e9b\u0151l vett mai ig\u00e9nk arra sz\u00f3l\u00edt fel, hogy vess\u00fck el magunkt\u00f3l ezeket a negat\u00edvumokat, s al\u00e1zattal engedj\u00fck, hogy Isten ig\u00e9je felsz\u00edv\u00f3dj\u00e9k a lelk\u00fcnk m\u00e9ly\u00e9ig. Ahelyett teh\u00e1t, hogy egy k\u00eds\u00e9rt\u0151 gondolatot d\u00e9delgetn\u00e9nk mindaddig, m\u00edg b\u0171nn\u00e9 sarjad, cs\u00f6ndesen ir\u00e1ny\u00edtsuk figyelm\u00fcnket az \u00cdr\u00e1s valamelyik igazs\u00e1g\u00e1ra, mint p\u00e9ld\u00e1ul: <b>\u201eF\u0151papunk ugyanis nem olyan, aki ne tudna egy\u00fctt\u00e9rezni gy\u00f6nges\u00e9geinkkel, hanem aki hozz\u00e1nk hasonl\u00f3an mindenben k\u00eds\u00e9rt\u00e9st szenvedett, de b\u0171nt nem k\u00f6vetett el.\u201d <\/b>(Zsid 4,15).<\/div><div style=\"text-align: justify\"><br \/><\/div><div style=\"text-align: justify\">A Szent\u00edr\u00e1s szavai meger\u0151s\u00edtenek, nem sz\u00edvj\u00e1k el energi\u00e1nkat. Ez a legkifinomultabb, l\u00e9lekben t\u00f6rt\u00e9n\u0151 \u201elefejez\u00e9s\u201d. Ha siker\u00fcl \u00e1thajl\u00edtanunk ebbe az ir\u00e1nyba gondolati s\u00e9m\u00e1inkat, megmenek\u00fclhet\u00fcnk a rossz d\u00f6nt\u00e9sekt\u0151l, az eg\u00e9szs\u00e9gtelen kapcsolatokt\u00f3l, a bel\u00fclr\u0151l gerjesztett sz\u00edvf\u00e1jdalomt\u00f3l.<\/div><div style=\"text-align: justify\"><br \/><\/div><div style=\"text-align: justify\">\u00c9rzed-e, hogy r\u00e1f\u00e9rne lelkedre egy kis \u201elefejez\u00e9si\u201d m\u0171velet?&nbsp;<\/div><div style=\"text-align: justify\"><br \/><\/div><div style=\"text-align: justify\">Vannak-e benned elsz\u00e1radt vir\u00e1gfejek, amiket magaddal hurcolsz, s amik elsz\u00edvj\u00e1k lelki energi\u00e1dat, fejf\u00e1j\u00e1st okoznak, k\u00f6nnyeket fakasztanak? T\u00e9pd ki magadb\u00f3l a rosszat, az \u00e1rtalmasat. \u00dcltesd hely\u00e9be Isten Ig\u00e9j\u00e9t. Azt\u00e1n l\u00e9pj h\u00e1tra, \u00e9s v\u00e1rd t\u00fcrelemmel, hogy megjelenjenek a szemet gy\u00f6ny\u00f6rk\u00f6dtet\u0151 csod\u00e1latos vir\u00e1gfejek.<\/div><div style=\"text-align: justify\"><br \/><\/div><div style=\"text-align: justify\"><a href=\"http:\/\/4.bp.blogspot.com\/-h44YWvtZmao\/VCodaR3JPVI\/AAAAAAAAGAA\/iPmcuIeHOVs\/s1600\/10628405_10153163780907598_162541927893162763_n.jpg\" style=\"clear: left;float: left;margin-bottom: 1em;margin-right: 1em\"><img border=\"0\" src=\"http:\/\/4.bp.blogspot.com\/-h44YWvtZmao\/VCodaR3JPVI\/AAAAAAAAGAA\/iPmcuIeHOVs\/s1600\/10628405_10153163780907598_162541927893162763_n.jpg\" height=\"320\" width=\"277\" \/><\/a><i><div style=\"text-align: right\"><i>Uram, bevallom Neked, hogy r\u00e9g\u00f3ta hordozok lelkemben elfonnyadt vir\u00e1gokat. Seg\u00edts, k\u00e9rlek, hogy kit\u00e9pjem \u00e9s eldobjam \u0151ket. Add, hogy akarjam hely\u00fckre a Te ig\u00e9det \u00fcltetni j\u00f3 m\u00e9lyen, kit\u00e9phetetlen\u00fcl. \u00d6nt\u00f6zd meg lelkemet kiapadhatatlan forr\u00e1sodb\u00f3l, hogy a vir\u00e1gok, amiket el\u00fcltetsz \u00e9s felnevelsz bennem, m\u00e1sok figyelm\u00e9t is megragadj\u00e1k, \u00e9s a Kert\u00e9szre ir\u00e1ny\u00edts\u00e1k. J\u00e9zus nev\u00e9ben, \u00c1men.<\/i><\/div><\/i><\/div><div style=\"text-align: right\"><i><br \/><\/i><\/div><div style=\"text-align: justify\"><br \/><\/div><\/span><span style=\"font-size: x-small\">(Forr\u00e1s: Encouragement for today, 2011.06.29. Karen Ehman,&nbsp;www.proverbs31.org, ford\u00edt\u00e1s:&nbsp;http:\/\/eszmelkedesek.blogspot.hu\/2011_10_01_archive.html)<\/span><div><span style=\"font-size: x-small\"><br \/><\/span><\/div>","type":"rich"}

Nehezék

<div style="text-align: center"><span style="font-size: large"><b><i>„Ezért vessetek el minden romlottságot és mindenféle gonoszságot, s fogadjátok szelíd készséggel a belétek oltott igét, mely meg tudja menteni lelketeket.”&nbsp;</i></b></span></div><div style="text-align: justify"><span style="font-size: large">Jak 1,21</span></div><span style="font-size: large"><div style="text-align: justify"><br /></div><div style="text-align: justify">Van valami olyan attitűdöd, viszonyulásod, hozzáállásod, ami néha ki tudja szívni belőled az életet? Lekókad a lelkesedésed, elhervad az örömöd, elfonnyadsz tőle, mint egy régóta nem öntözött növény.</div><div style="text-align: justify">Ez a kép jutott eszembe, mikor elgondolkoztam valamin, amit anyósomtól tanultam. Ő híres a gyönyörű növényeiről, a virító évelőágyásáról. Lényegében kora tavasztól késő őszig tele a kertje szebbnél szebb virágokkal.</div><div style="text-align: justify">Egy alkalommal rákérdeztem, van-e valami titka a virágok gondozásának. Elmagyarázta, hogy a művelet neve, amivel az állandó virágzást biztosítja: „lefejezés”. Ez annyit tesz, hogy amint egy virág fonnyadni kezd, halványul, hervad, le kell csípni a fejét.</div><div style="text-align: justify">A gyakorlatban kiderült, hogy ez egy aprólékos, soha véget nem érő munka. Mikor azt hinném, hogy már minden elfonnyadt virágot eltávolítottam, másnap tucatjával jelennek meg az újak. De azt akarom, hogy a növényeim tovább virágozzanak. Naponta folytatom a lefejezést, mert a száradó virágfejek elvonják az éltető nedveket a növény többi részétől. Kiszívják az energiát, amit újabb virágok kibontására használhatna.</div><div style="text-align: justify">Ha megszabadítom a növényt a száradó, lekókasztó nehezéktől, a rügyekből káprázatos szirmok törnek elő mindaddig, míg élet kering a szárban.</div><div style="text-align: justify"><br /></div><div style="text-align: justify">Miközben lecsipkedem az elszáradt virágfejeket, Krisztussal való életemen gondolkodom. Vannak olyan szegletei a szívemnek, olyan gondolatai az elmémnek, kívánságai az akaratomnak, amik rossz attitűdből erednek. Ők lelki életem nehezékei.</div><div style="text-align: justify"><br /></div><div style="text-align: justify">Ezek a mélyen gyökerező gondolati sémák és társaik: a kételkedés, a félelem, a rossz döntések, régi szokások, dédelgetett neheztelések vagy pillanatnyi konfliktusok – akadályozzák a növekedést, nem engedik kibontakozni Isten tervezte teljes pompánkat.</div><div style="text-align: justify"><br /></div><div style="text-align: justify">Reggel reménykedve ébredünk, de hamar megadjuk magunkat annak, ami bánt. Kételkedésünk önmagunkban vagy mások fölötti ítélkezésünk gyakran olyan negatív gondolatokból és nemkívánatos cselekedetekből ered, amik nemcsak a mi napunkat teszik tönkre, hanem azokét is, akik körülöttünk élnek. De ha tudatosan lecsipkedjük ezeket, amint megjelennek, meglepő növekedést tapasztalhatunk meg Krisztussal való életünkben és egészséges kiteljesedést kapcsolatainkban.</div><div style="text-align: justify"><br /></div><div style="text-align: justify">Jakab leveléből vett mai igénk arra szólít fel, hogy vessük el magunktól ezeket a negatívumokat, s alázattal engedjük, hogy Isten igéje felszívódjék a lelkünk mélyéig. Ahelyett tehát, hogy egy kísértő gondolatot dédelgetnénk mindaddig, míg bűnné sarjad, csöndesen irányítsuk figyelmünket az Írás valamelyik igazságára, mint például: <b>„Főpapunk ugyanis nem olyan, aki ne tudna együttérezni gyöngeségeinkkel, hanem aki hozzánk hasonlóan mindenben kísértést szenvedett, de bűnt nem követett el.” </b>(Zsid 4,15).</div><div style="text-align: justify"><br /></div><div style="text-align: justify">A Szentírás szavai megerősítenek, nem szívják el energiánkat. Ez a legkifinomultabb, lélekben történő „lefejezés”. Ha sikerül áthajlítanunk ebbe az irányba gondolati sémáinkat, megmenekülhetünk a rossz döntésektől, az egészségtelen kapcsolatoktól, a belülről gerjesztett szívfájdalomtól.</div><div style="text-align: justify"><br /></div><div style="text-align: justify">Érzed-e, hogy ráférne lelkedre egy kis „lefejezési” művelet?&nbsp;</div><div style="text-align: justify"><br /></div><div style="text-align: justify">Vannak-e benned elszáradt virágfejek, amiket magaddal hurcolsz, s amik elszívják lelki energiádat, fejfájást okoznak, könnyeket fakasztanak? Tépd ki magadból a rosszat, az ártalmasat. Ültesd helyébe Isten Igéjét. Aztán lépj hátra, és várd türelemmel, hogy megjelenjenek a szemet gyönyörködtető csodálatos virágfejek.</div><div style="text-align: justify"><br /></div><div style="text-align: justify"><a href="http://4.bp.blogspot.com/-h44YWvtZmao/VCodaR3JPVI/AAAAAAAAGAA/iPmcuIeHOVs/s1600/10628405_10153163780907598_162541927893162763_n.jpg" style="clear: left;float: left;margin-bottom: 1em;margin-right: 1em"><img border="0" src="http://4.bp.blogspot.com/-h44YWvtZmao/VCodaR3JPVI/AAAAAAAAGAA/iPmcuIeHOVs/s1600/10628405_10153163780907598_162541927893162763_n.jpg" height="320" width="277" /></a><i><div style="text-align: right"><i>Uram, bevallom Neked, hogy régóta hordozok lelkemben elfonnyadt virágokat. Segíts, kérlek, hogy kitépjem és eldobjam őket. Add, hogy akarjam helyükre a Te igédet ültetni jó mélyen, kitéphetetlenül. Öntözd meg lelkemet kiapadhatatlan forrásodból, hogy a virágok, amiket elültetsz és felnevelsz bennem, mások figyelmét is megragadják, és a Kertészre irányítsák. Jézus nevében, Ámen.</i></div></i></div><div style="text-align: right"><i><br /></i></div><div style="text-align: justify"><br /></div></span><span style="font-size: x-small">(Forrás: Encouragement for today, 2011.06.29. Karen Ehman,&nbsp;www.proverbs31.org, fordítás:&nbsp;http://eszmelkedesek.blogspot.hu/2011_10_01_archive.html)</span><div><span style="font-size: x-small"><br /></span></div>
